*f + 9. Let h be m(-7). Let o = 5 - h. Let i = 18 - o. What is the units digit of i?
8
Suppose -v + 1 = 0, -d - 2*v + 12 = d. Suppose -4*z + d = -3. What is the units digit of 3 - z - (-1 + 1)?
1
Let a(k) = -k. Let v = -8 - -5. Let b be a(v). Suppose -7 = b*z - 5*q, -5*z + 4*q = -15 + 5. What is the units digit of z?
6
Let d = 3 - 10. Let o = d + 9. What is the units digit of o?
2
What is the tens digit of (-17)/(51/(-126))*(-22)/(-3)?
0
Let y(l) = 5*l**2 + 1. Let i be y(-1). Suppose 0 = -f + i*f - 5. What is the units digit of (f + 1 + -16)/(-2)?
7
Let d = 35 + -23. Suppose -5*z + d = -0*h - h, 3*h + 3*z = 54. What is the units digit of h?
3
Let y(k) = -k - k + k - 4. Let h be y(-4). Suppose h*a = 2*a + 5*t + 13, t = -a + 1. What is the units digit of a?
6
Suppose -53*x + 52*x = -323. What is the hundreds digit of x?
3
Suppose 2*y + 2*y - 16 = 0. Let b be 1/(-2) - 14/y. Let o = b + 12. What is the units digit of o?
8
Let q(f) = -f**3 + 3*f**2 + 2*f - 1. What is the units digit of q(-2)?
5
Let u = 9 + -15. What is the units digit of (u/(-15))/((-4)/(-10))?
1
Let i(p) be the second derivative of -p**5/20 + 5*p**4/12 + p**3 + 7*p**2/2 + 2*p. What is the units digit of i(6)?
7
Suppose 5*p + 5*s - 17 = 38, 0 = -4*s - 12. Let m = 0 + p. What is the units digit of (-4)/m + 516/42?
2
What is the units digit of -3 - -2 - (0 - 51)?
0
Suppose -5*m + 50 = 4*t, -t - 3*m + 8 = -4*m. Suppose -j - t + 49 = 0. Suppose -2*k = -j + 13. What is the tens digit of k?
1
Suppose -5*n = -n - 176. Let f = -4 - -8. What is the units digit of (-2)/f - n/(-8)?
5
Suppose -1 = b - 3. Suppose -b*x + 40 = 3*x. Suppose -f = f - x. What is the units digit of f?
4
Suppose -g + 7 + 4 = -3*r, 3*g = r + 17. Suppose 5*b = 3*j - 35, -6*b = g*j - 5*b - 21. Suppose -5 = -j*s + 35. What is the units digit of s?
8
Suppose 3*r - 12 = 0, -2*o + 3*o = 4*r + 65. What is the units digit of o?
1
Suppose 2*j + 5*a = 4 + 1, -j = 5*a + 5. Suppose 3*l - 4*l - 5*i + 20 = 0, -4*l + 3*i = -126. Suppose 5*s - l = j. What is the units digit of s?
8
Suppose 2*b = -0*l + l, -8 = -2*l. Suppose 4*y - 104 = -4*n, 0 = -b*y - 0*y + 3*n + 32. Let o = 36 - y. What is the tens digit of o?
1
Suppose -2*k + 7 = -k. What is the units digit of k?
7
What is the units digit of (-398)/(-5) - 32/(-80)?
0
Suppose -4 - 126 = -5*j. What is the tens digit of j?
2
Let x be 35/(-15) + 4/(-6). What is the units digit of 0 + 0 + 10 + x?
7
Suppose 3*t - 89 + 14 = 0. What is the units digit of 168/5 + 10/t?
4
Suppose -7*t + 3*t + 40 = 0. What is the units digit of t?
0
Let v = 11 - -12. What is the tens digit of v?
2
Let s = 2 + 218. Suppose -t + 6*t = s. What is the units digit of t?
4
Suppose -a + 4 = -2*a - 5*q, -3*q + 12 = 0. Let i(l) = -2*l**2 + 2*l + 2. Let r be i(2). What is the units digit of (a/(-15))/(r/(-10))?
8
What is the tens digit of 4 - (169 - 1)/(-4)?
4
Let u = 0 + 5. What is the tens digit of (u + -4)*(0 + 17)?
1
Let s = 11 - 8. Suppose 5*f = -4*p + 2, 5*f = -4*p + s*p - 7. Suppose w = 4*d + 2*w - 55, -p*d = -4*w - 65. What is the units digit of d?
5
Suppose -2*t + 2*w - 4*w = -16, -4*t - 8 = -4*w. Suppose 5*y - 27 = t. What is the units digit of y?
6
Let q = -166 - -300. What is the units digit of q?
4
Suppose -2*n + 240 = 2*n. Suppose 3*r = 4*k + n, 0 = 4*r - 0*r - 3*k - 87. Suppose -4*p - r = -6*p. What is the units digit of p?
2
Let a(m) = -2*m - 9. Let n(p) = p - 1. Let r(d) = -a(d) + 2*n(d). Let b be r(-5). Let h = b + 21. What is the units digit of h?
8
Let c(s) be the first derivative of s**4/2 - 2*s**3 + 2*s**2 - 6*s + 6. What is the tens digit of c(4)?
4
Suppose -362 = -2*b - q - 0*q, 4*q = b - 181. What is the hundreds digit of b?
1
Let m be (-5)/(-2)*(-1 + -1). Let k(o) = 5*o + 8. Let i(s) = -s - 1. Let h(v) = -3*i(v) - k(v). What is the units digit of h(m)?
5
Let m = -7 - -12. What is the units digit of (-2)/(-7) + m/7?
1
Suppose 2*g - 2*h + 6 = g, g = h - 2. Suppose -g*j = -3*y + 33, 3*y + 2*j - 18 = -j. Suppose 2*k - y = -0*k + p, 3*p + 15 = 0. What is the units digit of k?
2
Suppose -5*g = -25 + 5. Suppose 0*p - 5*p + 47 = 3*x, -p - g*x = -6. What is the units digit of p?
0
Let w = 14 - 8. Let d(m) = -m + 11. What is the units digit of d(w)?
5
Let i be (-117)/(-12) + 6/(-8). Let s = i + 14. Let k = -12 + s. What is the tens digit of k?
1
Suppose 6*i - 8*i + 16 = 0. Let t(q) = -q**2 + 12*q + 2. What is the tens digit of t(i)?
3
Suppose 2*o = v + 46, 3*v - 18 = -o + 6*v. Suppose -3*h = -o - 9. What is the tens digit of h?
1
Let d be -3 - -4 - 24/(-2). Let r(s) = -s**3 + s**2 + 5. Let l be r(0). Suppose 12 = l*c - d. What is the units digit of c?
5
Let q = -14 - -48. What is the units digit of q?
4
Let c(q) = q**2 + 7*q + 5. Let i be c(-7). Suppose 3*x + 2*x = 5*n + 25, 0 = -2*x + 3*n + i. What is the tens digit of x?
1
Let g = 74 - 30. What is the units digit of g?
4
Suppose -2 = 2*r - 6. Let z = r + -1. What is the units digit of z?
1
Let b(h) = -92*h. Let q be b(-1). What is the units digit of -2*(q/8)/(-1)?
3
Let n(m) = 37*m - 4. What is the tens digit of n(3)?
0
Let s(u) = u**3 - 16*u**2 + 17*u - 2. What is the units digit of s(15)?
8
Let o(f) = 2*f - 5. Let r be (2/3)/(1/6). What is the units digit of o(r)?
3
Let i(k) = -k - 7. Let z be i(-7). Suppose z = 3*s + s. Suppose s = -0*b + 5*b - u - 60, -5*u + 12 = -b. What is the tens digit of b?
1
Suppose -4*h = 4*n, -5*h + 40 = -3*n + 16. Let g(i) = 8*i + 2. What is the units digit of g(h)?
6
Let k(n) = 0 + 19*n - 1 + 0. Let g be k(-1). What is the units digit of (6/5)/((-3)/g)?
8
Suppose -3 - 67 = 5*a. What is the units digit of (-592)/a - (-6)/(-21)?
2
Let z be (0/(1 - -2))/1. Let b = z - 0. Let t = b + 6. What is the units digit of t?
6
Suppose 3*z = -15 + 99. What is the tens digit of z?
2
Let t(k) = -2*k**3. Let n be t(-1). Suppose -n*f = -0*f - 20. Suppose f = g + g. What is the units digit of g?
5
Suppose -2*l = 3*z - 6*l - 292, -5*l = 2*z - 233. Suppose 3*q = -4*a + z + 37, -a + 3*q = -39. What is the tens digit of a?
3
Let t(f) = f**3 - 6*f**2 - 7*f - 14. What is the tens digit of t(8)?
5
Suppose 0 = -4*v + 476 + 104. Suppose -2*j + k + 59 = 0, v = 5*j - 3*k + k. What is the tens digit of j?
2
Suppose 9 + 7 = 4*p. Let q be 2/p*(-24)/(-2). Let r = -3 + q. What is the units digit of r?
3
Let l be (-1 - (-3)/3)/(-1). Let g be (-69)/12*(-4 - l). Suppose 3*a - 4 - g = 0. What is the units digit of a?
9
Let a be 0/((-8)/(1 - -3)). What is the units digit of ((-18)/(-1))/(2 + a)?
9
Let r = 32 - -1. What is the units digit of r?
3
Let i = 3 + -1. Let u(t) = t**i - 2*t + 6 + 0 - 4*t - t. What is the tens digit of u(8)?
1
Suppose l = 2*f + 13, 4*l + 5*f = -0*l. Suppose 4*r - 28 = -l*n + n, 0 = -4*n + 2*r + 22. What is the units digit of 1/(15/n - 2)?
2
Suppose -35*y + 31*y = -268. What is the tens digit of y?
6
Let j be (-4)/((-8)/(-4)) + 6. Suppose -3 = 4*a - j*t - 35, -4*a + 28 = -5*t. What is the units digit of a?
2
Suppose 2*k - 5 = p, -6*k + k = 5*p - 35. What is the units digit of p + (-3 + 0 - -2)?
2
Suppose 49 = -5*g + 19. Let v = -3 - g. What is the units digit of v?
3
Let u(l) = l**2 + 5*l - 4. What is the units digit of u(-6)?
2
Let f(u) = 4*u - 2. What is the units digit of f(4)?
4
Let u be 3*(-1)/(-9)*-9. Let x(s) = 4*s**2 + 2*s + 2. Let q be x(u). Suppose 0 = 4*w + 3*m - q, 5*w - 4*m - 40 = m. What is the units digit of w?
8
Let j be ((-2)/6)/((-2)/18). Let f be ((-110)/j)/((-1)/3). Suppose 2*k = -3*k + f. What is the tens digit of k?
2
Let u(p) = 34*p**3 + p. What is the tens digit of u(1)?
3
Let a(d) = 15*d - 1. Suppose -5*p + p + 10 = 2*f, -2*f + 8 = 3*p. What is the units digit of a(f)?
4
Let h(s) be the first derivative of 3*s**2/2 - 5. What is the units digit of h(1)?
3
Suppose -t + 410 = -2*j, t - 377 - 35 = 4*j. What is the hundreds digit of t?
4
Let k = 7 - 4. What is the units digit of 0/k + 0 + 3?
3
Let i be (-1 + 3 - -2) + 2. What is the tens digit of 214/10 + i/(-15)?
2
Suppose 5*q + 220 = 995. What is the units digit of q?
5
Suppose -173 = -3*c + y, -5*c + 255 = 3*y + 2*y. Suppose 0*w - 2*w = 5*p - 70, 5*w = -4*p + c. What is the tens digit of p?
1
Let j be -1 + 1 + -1 + 2. Suppose 2*w - 7 - j = 0. Suppose -3*n + 3*q - 1 = 2, 3*n + 8 = w*q. What is the units digit of n?
4
Suppose -14 = -s + g, 0*g - 15 = -5*g. Let 